{"id":2576,"date":"2024-09-22T13:06:10","date_gmt":"2024-09-22T19:06:10","guid":{"rendered":"https:\/\/pequenaraiz.com\/?page_id=2576"},"modified":"2025-01-08T19:35:11","modified_gmt":"2025-01-09T01:35:11","slug":"raicilla_reposado","status":"publish","type":"page","link":"https:\/\/pequenaraiz.com\/mx\/raicilla_reposado\/","title":{"rendered":"raicilla_reposado"},"content":{"rendered":"<p>[et_pb_section fb_built=&#8221;1&#8243; _builder_version=&#8221;4.27.4&#8243; _module_preset=&#8221;default&#8221; custom_padding=&#8221;0px||||false|false&#8221; hover_enabled=&#8221;0&#8243; locked=&#8221;off&#8221; global_colors_info=&#8221;{}&#8221; custom_padding_last_edited=&#8221;on|phone&#8221; custom_padding_phone=&#8221;0px||10px||false|false&#8221; sticky_enabled=&#8221;0&#8243; custom_padding_tablet=&#8221;0px||||false|false&#8221;][et_pb_row column_structure=&#8221;2_5,3_5&#8243; _builder_version=&#8221;4.27.4&#8243; _module_preset=&#8221;default&#8221; hover_enabled=&#8221;0&#8243; global_colors_info=&#8221;{}&#8221; custom_padding_last_edited=&#8221;on|phone&#8221; custom_padding_phone=&#8221;15px||||false|false&#8221; sticky_enabled=&#8221;0&#8243;][et_pb_column type=&#8221;2_5&#8243; _builder_version=&#8221;4.27.0&#8243; _module_preset=&#8221;default&#8221; global_colors_info=&#8221;{}&#8221;][wdcl_image_carousel nav_pagi=&#8221;nav_pagi&#8221; is_variable_width=&#8221;on&#8221; slide_width=&#8221;416px&#8221; arrow_color=&#8221;#515151&#8243; arrow_bg=&#8221;#FFFFFF&#8221; pagi_pos_y=&#8221;5px&#8221; pagi_spacing=&#8221;5px&#8221; slide_width_tablet=&#8221;575px&#8221; slide_width_phone=&#8221;350px&#8221; slide_width_last_edited=&#8221;on|tablet&#8221; _builder_version=&#8221;4.27.4&#8243; _module_preset=&#8221;default&#8221; width_tablet=&#8221;83%&#8221; width_phone=&#8221;90%&#8221; width_last_edited=&#8221;on|tablet&#8221; max_width_tablet=&#8221;83%&#8221; max_width_phone=&#8221;90%&#8221; max_width_last_edited=&#8221;on|tablet&#8221; module_alignment=&#8221;center&#8221; hover_enabled=&#8221;0&#8243; locked=&#8221;off&#8221; global_colors_info=&#8221;{}&#8221; sticky_enabled=&#8221;0&#8243;][wdcl_image_carousel_child photo=&#8221;https:\/\/pequenaraiz.com\/wp-content\/uploads\/2025\/01\/reposado_slide1.jpg&#8221; _builder_version=&#8221;4.27.4&#8243; hover_enabled=&#8221;0&#8243; global_colors_info=&#8221;{}&#8221; custom_margin_last_edited=&#8221;on|phone&#8221; custom_margin_phone=&#8221;|||-25px|false|false&#8221; sticky_enabled=&#8221;0&#8243;][\/wdcl_image_carousel_child][wdcl_image_carousel_child photo=&#8221;https:\/\/pequenaraiz.com\/wp-content\/uploads\/2025\/01\/reposado_slide2.jpg&#8221; _builder_version=&#8221;4.27.4&#8243; hover_enabled=&#8221;0&#8243; global_colors_info=&#8221;{}&#8221; custom_margin_last_edited=&#8221;on|phone&#8221; custom_margin_phone=&#8221;|||-25px|false|false&#8221; sticky_enabled=&#8221;0&#8243;][\/wdcl_image_carousel_child][\/wdcl_image_carousel][\/et_pb_column][et_pb_column type=&#8221;3_5&#8243; _builder_version=&#8221;4.27.0&#8243; _module_preset=&#8221;default&#8221; global_colors_info=&#8221;{}&#8221;][et_pb_text _builder_version=&#8221;4.27.4&#8243; _module_preset=&#8221;default&#8221; header_font=&#8221;Marcellus SC|700|||||||&#8221; header_font_size=&#8221;35px&#8221; header_line_height=&#8221;0.7em&#8221; header_3_font=&#8221;Marcellus||||||||&#8221; custom_margin=&#8221;40px||||false|false&#8221; global_colors_info=&#8221;{}&#8221;]<\/p>\n<h3>PEQUE\u00d1A RAIZ<\/h3>\n<h1>REPOSADO<\/h1>\n<p>[\/et_pb_text][et_pb_text _builder_version=&#8221;4.27.2&#8243; _module_preset=&#8221;default&#8221; text_font=&#8221;Marcellus||||||||&#8221; text_font_size=&#8221;20px&#8221; global_colors_info=&#8221;{}&#8221;]<\/p>\n<p>Peque\u00f1a Ra\u00edz Reposado, madurada entre 3 y 6 meses en barricas de roble americano, ofrece un color dorado brillante y cuerpo refinado. Con aromas florales y frutales, su sabor combina agave, caramelo, vainilla y especias, brindando una experiencia elegante.<\/p>\n<p>[\/et_pb_text][et_pb_text _builder_version=&#8221;4.27.2&#8243; _module_preset=&#8221;default&#8221; text_font=&#8221;Marcellus||||||||&#8221; text_font_size=&#8221;20px&#8221; global_colors_info=&#8221;{}&#8221;]<\/p>\n<h3><strong><img loading=\"lazy\" decoding=\"async\" src=\"https:\/\/pequenaraiz.com\/wp-content\/uploads\/2024\/10\/product_aroma-1-300x225.png\" width=\"36\" height=\"27\" alt=\"\" class=\"wp-image-2813 alignnone size-medium\" \/> AROMA<\/strong><\/h3>\n<p>Presenta un complejo aroma floral y frutal, infusionado con una sutil esencia a madera, frutos deshidratados y almendras.<\/p>\n<p>[\/et_pb_text][et_pb_text _builder_version=&#8221;4.27.2&#8243; _module_preset=&#8221;default&#8221; text_font=&#8221;Marcellus||||||||&#8221; text_font_size=&#8221;20px&#8221; global_colors_info=&#8221;{}&#8221;]<\/p>\n<h3><strong><img loading=\"lazy\" decoding=\"async\" src=\"https:\/\/pequenaraiz.com\/wp-content\/uploads\/2024\/10\/product_sabor-1-300x225.png\" width=\"36\" height=\"27\" alt=\"\" class=\"wp-image-2814 alignnone size-medium\" \/>SABOR<\/strong><\/h3>\n<p>Su sabor se caracteriza por una ex\u00f3tica mezcla entre el agave con un toque de caramelo y vainilla, aunado a especias que deleitan el paladar con elegancia.<\/p>\n<p>[\/et_pb_text][\/et_pb_column][\/et_pb_row][\/et_pb_section]<\/p>\n","protected":false},"excerpt":{"rendered":"<p><div class=\"et_pb_module wdcl_image_carousel wdcl_image_carousel_0\">\n\t\t\t\t\n\t\t\t\t\n\t\t\t\t\n\t\t\t\t\n\t\t\t\t\n\t\t\t\t\n\t\t\t\t<div class=\"et_pb_module_inner\">\n\t\t\t\t\t<div dir=\"ltr\" class=\"dcf-container dcf-carousel-maker dcf-lightbox-disabled\" data-pagi=\"true\"\n\t\t\tdata-pagi-tablet=\"true\"\n\t\t\tdata-pagi-phone=\"true\"\n\t\t\tdata-nav=\"true\"\n\t\t\tdata-nav-tablet=\"true\"\n\t\t\tdata-nav-phone=\"true\"\n\t\t\tdata-autoplay=\"on\"\n\t\t\tdata-autoplay-speed=\"2000ms\"\n\t\t\tdata-speed=\"700ms\"\n\t\t\tdata-slides=\"3\"\n\t\t\tdata-slides-tablet=\"3\"\n\t\t\tdata-slides-phone=\"3\"\n\t\t\tdata-center=\"off\"\n\t\t\tdata-center-mode-type=\"classic\"\n\t\t\tdata-center-padding=\"70px||\"\n\t\t\tdata-vertical=\"off\"\n\t\t\tdata-icon-left=\"4\"\n\t\t\tdata-icon-right=\"5\"\n\t\t\tdata-infinite=\"on\"\n\t\t\tdata-variable-width=\"on\"\n\t\t\tdata-auto-height=\"off\"\n\t\t\tdata-items-scroll=\"1||\"\n\t\t\tdata-fade=\"off\"\n\t\t\tdata-dir=\"ltr\">\n                <div class=\"wdcl_image_carousel_child wdcl_image_carousel_child_0 wdc_et_pb_module\">\n\t\t\t\t\n\t\t\t\t\n\t\t\t\t\n\t\t\t\t\n\t\t\t\t\n\t\t\t\t\n\t\t\t\t<div class=\"et_pb_module_inner\">\n\t\t\t\t\t<div class=\"dcf-carousel-item dcf-image-swap dcf-hover--none\">\n\t\t\t\t<figure class=\"dcf-lightbox-ctrl\">\n\t\t\t\t<div class=\"dcf-overlay\" data-icon=\"\"><\/div>\n\t\t\t\t<img decoding=\"async\" class=\"dcf-main-img\" data-mfp-src=\"https:\/\/pequenaraiz.com\/wp-content\/uploads\/2025\/01\/reposado_slide1.jpg\" src=\"https:\/\/pequenaraiz.com\/wp-content\/uploads\/2025\/01\/reposado_slide1.jpg\" alt=\"\"\/>\n            <\/figure> \n\t\t\t<\/div>\n\t\t\t\t<\/div>\n\t\t\t<\/div><div class=\"wdcl_image_carousel_child wdcl_image_carousel_child_1 wdc_et_pb_module\">\n\t\t\t\t\n\t\t\t\t\n\t\t\t\t\n\t\t\t\t\n\t\t\t\t\n\t\t\t\t\n\t\t\t\t<div class=\"et_pb_module_inner\">\n\t\t\t\t\t<div class=\"dcf-carousel-item dcf-image-swap dcf-hover--none\">\n\t\t\t\t<figure class=\"dcf-lightbox-ctrl\">\n\t\t\t\t<div class=\"dcf-overlay\" data-icon=\"\"><\/div>\n\t\t\t\t<img decoding=\"async\" class=\"dcf-main-img\" data-mfp-src=\"https:\/\/pequenaraiz.com\/wp-content\/uploads\/2025\/01\/reposado_slide2.jpg\" src=\"https:\/\/pequenaraiz.com\/wp-content\/uploads\/2025\/01\/reposado_slide2.jpg\" alt=\"\"\/>\n            <\/figure> \n\t\t\t<\/div>\n\t\t\t\t<\/div>\n\t\t\t<\/div>\n            <\/div>\n\t\t\t\t<\/div>\n\t\t\t<\/div>PEQUE\u00d1A RAIZ REPOSADOPeque\u00f1a Ra\u00edz Reposado, madurada entre 3 y 6 meses en barricas de roble americano, ofrece un [&hellip;]<\/p>\n","protected":false},"author":1,"featured_media":0,"parent":0,"menu_order":0,"comment_status":"closed","ping_status":"closed","template":"","meta":{"_et_pb_use_builder":"on","_et_pb_old_content":"<!-- wp:divi\/placeholder \/-->","_et_gb_content_width":"","footnotes":""},"class_list":["post-2576","page","type-page","status-publish","hentry"],"jetpack_shortlink":"https:\/\/wp.me\/PcZ2Fa-Fy","jetpack_sharing_enabled":true,"_links":{"self":[{"href":"https:\/\/pequenaraiz.com\/mx\/wp-json\/wp\/v2\/pages\/2576","targetHints":{"allow":["GET"]}}],"collection":[{"href":"https:\/\/pequenaraiz.com\/mx\/wp-json\/wp\/v2\/pages"}],"about":[{"href":"https:\/\/pequenaraiz.com\/mx\/wp-json\/wp\/v2\/types\/page"}],"author":[{"embeddable":true,"href":"https:\/\/pequenaraiz.com\/mx\/wp-json\/wp\/v2\/users\/1"}],"replies":[{"embeddable":true,"href":"https:\/\/pequenaraiz.com\/mx\/wp-json\/wp\/v2\/comments?post=2576"}],"version-history":[{"count":12,"href":"https:\/\/pequenaraiz.com\/mx\/wp-json\/wp\/v2\/pages\/2576\/revisions"}],"predecessor-version":[{"id":3087,"href":"https:\/\/pequenaraiz.com\/mx\/wp-json\/wp\/v2\/pages\/2576\/revisions\/3087"}],"wp:attachment":[{"href":"https:\/\/pequenaraiz.com\/mx\/wp-json\/wp\/v2\/media?parent=2576"}],"curies":[{"name":"wp","href":"https:\/\/api.w.org\/{rel}","templated":true}]}}

<p>[et_pb_section fb_built=&#8221;1&#8243; _builder_version=&#8221;4.27.4&#8243; _module_preset=&#8221;default&#8221; custom_padding=&#8221;0px||||false|false&#8221; hover_enabled=&#8221;0&#8243; locked=&#8221;off&#8221; global_colors_info=&#8221;{}&#8221; custom_padding_last_edited=&#8221;on|phone&#8221; custom_padding_phone=&#8221;0px||10px||false|false&#8221; sticky_enabled=&#8221;0&#8243; custom_padding_tablet=&#8221;0px||||false|false&#8221;][et_pb_row column_structure=&#8221;2_5,3_5&#8243; _builder_version=&#8221;4.27.4&#8243; _module_preset=&#8221;default&#8221; hover_enabled=&#8221;0&#8243; global_colors_info=&#8221;{}&#8221; custom_padding_last_edited=&#8221;on|phone&#8221; custom_padding_phone=&#8221;15px||||false|false&#8221; sticky_enabled=&#8221;0&#8243;][et_pb_column type=&#8221;2_5&#8243; _builder_version=&#8221;4.27.0&#8243; _module_preset=&#8221;default&#8221; global_colors_info=&#8221;{}&#8221;][wdcl_image_carousel nav_pagi=&#8221;nav_pagi&#8221; is_variable_width=&#8221;on&#8221; slide_width=&#8221;416px&#8221; arrow_color=&#8221;#515151&#8243; arrow_bg=&#8221;#FFFFFF&#8221; pagi_pos_y=&#8221;5px&#8221; pagi_spacing=&#8221;5px&#8221; slide_width_tablet=&#8221;575px&#8221; slide_width_phone=&#8221;350px&#8221; slide_width_last_edited=&#8221;on|tablet&#8221; _builder_version=&#8221;4.27.4&#8243; _module_preset=&#8221;default&#8221; width_tablet=&#8221;83%&#8221; width_phone=&#8221;90%&#8221; width_last_edited=&#8221;on|tablet&#8221; max_width_tablet=&#8221;83%&#8221; max_width_phone=&#8221;90%&#8221; max_width_last_edited=&#8221;on|tablet&#8221; module_alignment=&#8221;center&#8221; hover_enabled=&#8221;0&#8243; locked=&#8221;off&#8221; global_colors_info=&#8221;{}&#8221; sticky_enabled=&#8221;0&#8243;][wdcl_image_carousel_child photo=&#8221;https://pequenaraiz.com/wp-content/uploads/2025/01/reposado_slide1.jpg&#8221; _builder_version=&#8221;4.27.4&#8243; hover_enabled=&#8221;0&#8243; global_colors_info=&#8221;{}&#8221; custom_margin_last_edited=&#8221;on|phone&#8221; custom_margin_phone=&#8221;|||-25px|false|false&#8221; sticky_enabled=&#8221;0&#8243;][/wdcl_image_carousel_child][wdcl_image_carousel_child photo=&#8221;https://pequenaraiz.com/wp-content/uploads/2025/01/reposado_slide2.jpg&#8221; _builder_version=&#8221;4.27.4&#8243; hover_enabled=&#8221;0&#8243; global_colors_info=&#8221;{}&#8221; custom_margin_last_edited=&#8221;on|phone&#8221; custom_margin_phone=&#8221;|||-25px|false|false&#8221; sticky_enabled=&#8221;0&#8243;][/wdcl_image_carousel_child][/wdcl_image_carousel][/et_pb_column][et_pb_column type=&#8221;3_5&#8243; _builder_version=&#8221;4.27.0&#8243; _module_preset=&#8221;default&#8221; global_colors_info=&#8221;{}&#8221;][et_pb_text _builder_version=&#8221;4.27.4&#8243; _module_preset=&#8221;default&#8221; header_font=&#8221;Marcellus SC|700|||||||&#8221; header_font_size=&#8221;35px&#8221; header_line_height=&#8221;0.7em&#8221; header_3_font=&#8221;Marcellus||||||||&#8221; custom_margin=&#8221;40px||||false|false&#8221; global_colors_info=&#8221;{}&#8221;]</p>
<h3>PEQUEÑA RAIZ</h3>
<h1>REPOSADO</h1>
<p>[/et_pb_text][et_pb_text _builder_version=&#8221;4.27.2&#8243; _module_preset=&#8221;default&#8221; text_font=&#8221;Marcellus||||||||&#8221; text_font_size=&#8221;20px&#8221; global_colors_info=&#8221;{}&#8221;]</p>
<p>Pequeña Raíz Reposado, madurada entre 3 y 6 meses en barricas de roble americano, ofrece un color dorado brillante y cuerpo refinado. Con aromas florales y frutales, su sabor combina agave, caramelo, vainilla y especias, brindando una experiencia elegante.</p>
<p>[/et_pb_text][et_pb_text _builder_version=&#8221;4.27.2&#8243; _module_preset=&#8221;default&#8221; text_font=&#8221;Marcellus||||||||&#8221; text_font_size=&#8221;20px&#8221; global_colors_info=&#8221;{}&#8221;]</p>
<h3><strong><img loading="lazy" decoding="async" src="https://pequenaraiz.com/wp-content/uploads/2024/10/product_aroma-1-300x225.png" width="36" height="27" alt="" class="wp-image-2813 alignnone size-medium" /> AROMA</strong></h3>
<p>Presenta un complejo aroma floral y frutal, infusionado con una sutil esencia a madera, frutos deshidratados y almendras.</p>
<p>[/et_pb_text][et_pb_text _builder_version=&#8221;4.27.2&#8243; _module_preset=&#8221;default&#8221; text_font=&#8221;Marcellus||||||||&#8221; text_font_size=&#8221;20px&#8221; global_colors_info=&#8221;{}&#8221;]</p>
<h3><strong><img loading="lazy" decoding="async" src="https://pequenaraiz.com/wp-content/uploads/2024/10/product_sabor-1-300x225.png" width="36" height="27" alt="" class="wp-image-2814 alignnone size-medium" />SABOR</strong></h3>
<p>Su sabor se caracteriza por una exótica mezcla entre el agave con un toque de caramelo y vainilla, aunado a especias que deleitan el paladar con elegancia.</p>
<p>[/et_pb_text][/et_pb_column][/et_pb_row][/et_pb_section]</p>

<p><div class="et_pb_module wdcl_image_carousel wdcl_image_carousel_0">
				
				
				
				
				
				
				<div class="et_pb_module_inner">
					<div dir="ltr" class="dcf-container dcf-carousel-maker dcf-lightbox-disabled" data-pagi="true"
			data-pagi-tablet="true"
			data-pagi-phone="true"
			data-nav="true"
			data-nav-tablet="true"
			data-nav-phone="true"
			data-autoplay="on"
			data-autoplay-speed="2000ms"
			data-speed="700ms"
			data-slides="3"
			data-slides-tablet="3"
			data-slides-phone="3"
			data-center="off"
			data-center-mode-type="classic"
			data-center-padding="70px||"
			data-vertical="off"
			data-icon-left="4"
			data-icon-right="5"
			data-infinite="on"
			data-variable-width="on"
			data-auto-height="off"
			data-items-scroll="1||"
			data-fade="off"
			data-dir="ltr">
                <div class="wdcl_image_carousel_child wdcl_image_carousel_child_0 wdc_et_pb_module">
				
				
				
				
				
				
				<div class="et_pb_module_inner">
					<div class="dcf-carousel-item dcf-image-swap dcf-hover--none">
				<figure class="dcf-lightbox-ctrl">
				<div class="dcf-overlay" data-icon=""></div>
				<img decoding="async" class="dcf-main-img" data-mfp-src="https://pequenaraiz.com/wp-content/uploads/2025/01/reposado_slide1.jpg" src="https://pequenaraiz.com/wp-content/uploads/2025/01/reposado_slide1.jpg" alt=""/>
            </figure> 
			</div>
				</div>
			</div><div class="wdcl_image_carousel_child wdcl_image_carousel_child_1 wdc_et_pb_module">
				
				
				
				
				
				
				<div class="et_pb_module_inner">
					<div class="dcf-carousel-item dcf-image-swap dcf-hover--none">
				<figure class="dcf-lightbox-ctrl">
				<div class="dcf-overlay" data-icon=""></div>
				<img decoding="async" class="dcf-main-img" data-mfp-src="https://pequenaraiz.com/wp-content/uploads/2025/01/reposado_slide2.jpg" src="https://pequenaraiz.com/wp-content/uploads/2025/01/reposado_slide2.jpg" alt=""/>
            </figure> 
			</div>
				</div>
			</div>
            </div>
				</div>
			</div>PEQUEÑA RAIZ REPOSADOPequeña Raíz Reposado, madurada entre 3 y 6 meses en barricas de roble americano, ofrece un [&hellip;]</p>
